 58. Let s be x(-7). Let q = s - 816. Calculate the greatest common factor of 13 and q.
13
Suppose 62 = 2*r - 7*x + 2*x, -88 = -3*r + 5*x. What is the greatest common divisor of 351 and r?
13
Let h(g) = 5*g + 540. Let p be h(-27). What is the greatest common factor of 18 and p?
9
Let i be -1 + 0*1/(-2) - -3. Suppose -22 = -0*n - i*n. Let b be 10/14 - 4/(-14). What is the greatest common factor of b and n?
1
Suppose -4*x + 29 + 17 = z, -20 = -4*x. Let i be 208 - ((0 - 1) + 1). What is the highest common divisor of i and z?
26
Let t = -183 + 223. Calculate the highest common divisor of t and 32.
8
Let c(n) = -8*n - 9*n**2 + 16*n**3 - 8*n**3 - 9*n**3 - 18. Let j be c(-9). Calculate the highest common divisor of j and 6.
6
Let s be 4*-1 - (-296)/2. Let q(d) = d**3 + d**2 - d + 36. Let c be q(0). What is the highest common divisor of c and s?
36
Suppose -12*c + 14 = -14*c. Let t be (-1)/2*-6 - c. Calculate the greatest common divisor of t and 40.
10
Let p = -366 + 367. Calculate the greatest common divisor of p and 7.
1
Suppose 3488 + 9976 = 44*h. Calculate the greatest common divisor of 136 and h.
34
Let m = 195 - -150. Suppose 0 = -5*x - 3*z + m, -2*x - 5*z + 134 = -3*z. What is the greatest common divisor of x and 18?
18
Suppose 0 = 3*n - 0*n. Suppose n = -3*q - 3 - 0. Let r be (2/(-6))/(q/3). What is the highest common factor of r and 1?
1
Let b(n) = 4*n + 3. Let c be b(4). Let z = -208 + 145. Let g = 146 - z. Calculate the highest common factor of c and g.
19
Let m be 0 - 8*(15/(-2) - 2). Let o = -8 + m. Let i = 47 - 30. What is the greatest common factor of o and i?
17
Let b be (5/10 + 0)*(-2 + 210). What is the greatest common divisor of b and 65?
13
Let m be (1 - (-45)/(-35))*-4*91. Calculate the highest common factor of m and 8.
8
Suppose -s + 15 = 2*s. Let x = 166 - 91. Suppose 4*m - 3*u - x = 0, -s*u - 52 = -2*m + 3. What is the highest common factor of 5 and m?
5
Let f = 17 + -54. Let k = f + 59. Suppose -k = -0*o - o. Calculate the highest common divisor of o and 2.
2
Suppose -9*p + 190 = -4*p. Calculate the highest common divisor of p and 608.
38
Let j = -931 - -1642. Suppose -5*o = -2*i + 303, 5*i = -o - 2*o + j. What is the highest common divisor of i and 16?
16
Let p = 325 + -308. Suppose -410 = -5*n - 8*x + 3*x, 2*x = -6. What is the highest common divisor of p and n?
17
Suppose 14 = -3*u - 1, -4*u = 4*p + 36. Let a be p/(-2)*(-1)/(-2). Suppose 0 = -36*i - 69*i + 91*i + 42. What is the highest common divisor of a and i?
1
Let q = -59 + 116. Suppose -14 = -3*p - 0*b - b, 0 = 2*b - 10. What is the highest common divisor of q and p?
3
Suppose 0 = 11*u - 20*u + 540. What is the highest common divisor of 690 and u?
30
Suppose 6*c - 3*c = 0. Suppose 4*k + c*n = 3*n + 225, -20 = -4*n. Calculate the highest common divisor of 40 and k.
20
Suppose 2*j = -2*j + 48. Suppose -1 = -2*h + 3*p, 0 = h + 2*p - 3*p - 2. Let c be 12/30 + 538/h. Calculate the highest common factor of j and c.
12
Suppose l - 11 = -3*s - s, 0 = 4*s - 4*l - 36. Let d be (-1 + 2)*(-3 + 2). Let c(u) = -2*u - 1. Let b be c(d). What is the highest common divisor of s and b?
1
Suppose -69 - 3 = -4*f. Let y = 17 - -37. Calculate the greatest common divisor of f and y.
18
Let q(f) = 2*f**3 + 11*f**2 + 8*f - 5. Let h be q(-4). Let j(l) = 9*l**2 + l + 4. Let k be j(3). What is the highest common factor of k and h?
11
Let b = 71 - 42. Let s be 996/10 - 54/90. Suppose -5*g + 244 = v, 0 = 3*g - 4*v - b - s. Calculate the highest common divisor of 6 and g.
6
Suppose -2*w = 4*b - 30, -3*b + 0 = -2*w + 9. Suppose 3*s - 2*s = w. Let q = 52 + -16. Calculate the greatest common factor of s and q.
9
Let l be (-2)/8 + 17/4. Let j = -26 - -62. Suppose -l*d + j = -d. Calculate the greatest common factor of 12 and d.
12
Suppose -2*v + 129 + 72 = b, -2*v + 4*b + 176 = 0. Let d = v - 55. Let c = d + 2. Calculate the greatest common factor of 5 and c.
5
Let u = -16 + 17. Let p be (-6)/u + 0 + 2. Let y be -4 - p - 19/(-1). Calculate the highest common divisor of y and 19.
19
Let i(u) = u**3 - 2*u**2 + 7*u - 35. Let v be i(5). What is the greatest common divisor of 1200 and v?
75
Suppose -10*a = 16*a - 1040. Let l(u) = u**2 + u - 4. Let s be l(-5). Calculate the greatest common factor of a and s.
8
Let o = 590 - -194. Calculate the highest common factor of o and 49.
49
Let c = -119 - -128. What is the highest common factor of c and 9?
9
Suppose 0*l = -5*l + 660. Let g = 60 + -33. Let f = g + -15. What is the greatest common divisor of f and l?
12
Let m(x) = -x**2 + 2*x + 2. Let p be m(-4). Let a = p + 37. Let t(y) = y - 3. Let f be t(6). What is the highest common factor of a and f?
3
Let x be 1 - 3*(-4)/6. Suppose 4*b + x*i = 599 - 132, -585 = -5*b - 5*i. Calculate the highest common divisor of b and 29.
29
Let y = 78 - 28. Suppose 0 = -4*w + 5*d - 34 + 89, 0 = 3*w - 2*d - 36. Calculate the greatest common divisor of y and w.
10
Suppose 0 = 10*t - 133 + 3. What is the highest common factor of t and 4?
1
Let g = 199 - 197. Suppose 3*d + p = 2*d + 10, d - 10 = -5*p. What is the greatest common factor of g and d?
2
Let s(w) = 16*w + 1. Let j be s(1). Suppose -2*c - 5*f = -4*f + 1, -5*f - j = -2*c. What is the greatest common divisor of 8 and c?
1
Suppose 2*a + 6 = 5*b - 526, 2*a + 424 = 4*b. Let l be (5/10)/(0 - (-3)/b). Let g(r) = 46*r - 1. Let h be g(1). Calculate the highest common divisor of l and h.
9
Let t be (6 + -5)/(2/10). Let m(r) = -r + 9. Let c be m(12). Let g be c + t + 1 + 16. Calculate the greatest common factor of 76 and g.
19
Let p(o) = -o**3 + o**2 - 6*o + 44. Let g be p(0). Calculate the highest common factor of 176 and g.
44
Let j(y) = 118*y + 25. Let w be j(4). Suppose 0*d = d - 2*z - 103, 5*d = z + w. What is the highest common divisor of 11 and d?
11
Let v(y) = -y**3 + 9*y**2 - 6*y + 8. Let b be (-2)/(-10) - (-340)/50. Let s be v(b). What is the highest common divisor of 8 and s?
8
Suppose 0 = -i - 10. Let d = -6 - i. Suppose 19 = f - 5*v, 18 = d*f + 3*v - 12. What is the greatest common divisor of f and 3?
3
Suppose -5*t + 2 = -23. Suppose -t = 3*d - 14. Let v(w) = 5*w + 121. Let k be v(-24). What is the greatest common divisor of d and k?
1
Let m be 70*(3 + -2) - -6. Calculate the highest common factor of m and 57.
19
Let p(g) = g**2 + 23*g - 159. Let x be p(-29). What is the highest common factor of x and 5?
5
Suppose -2*a - 4*i = -3*i, 2*i = 4*a - 16. Let o be (5/(75/40))/(2/3). Calculate the greatest common divisor of a and o.
2
Let y(r) be the second derivative of 13*r**3/6 + 2*r**2 + 5*r. Let c be y(3). Suppose 0 = 3*t - 50 - c. What is the greatest common divisor of 279 and t?
31
Let g = 14 - 10. Suppose 2*r - g = 14. Calculate the greatest common divisor of 108 and r.
9
Let q(y) = y - 6. Suppose 5*a - 15 = -3*w, 9*w - 4*w = 3*a - 9. Suppose -a*u = 14 - 62. Let c be q(u). What is the greatest common divisor of 25 and c?
5
Let y = 161 + 62. Let b = y + -16. What is the greatest common divisor of 23 and b?
23
Suppose 2*q + 31 = 3*q. Let f = -21 + q. Suppose -7*d = -2*d - 50. Calculate the greatest common divisor of f and d.
10
Suppose 4*u = t + 115, 9*t + 6 = 7*t. What is the highest common divisor of 294 and u?
14
Let n = 2 + -2. Suppose n = x - 2*x + 3. Suppose 3*s + 0*s - 438 = x*d, -166 = -s - 4*d. What is the greatest common divisor of 60 and s?
30
Let s be (-14)/(-4)*(304/56 + -2). What is the highest common factor of 276 and s?
12
Suppose 1115 = 3*t + 2*x, 23*t - 24*t + 390 = -3*x. Calculate the greatest common divisor of t and 15.
15
Let i(h) = 91*h**2 - 4*h - 5. Let c be i(-1). Let m(b) = 34*b + 6. Let p be m(6). Let a be ((-6)/(-7))/(3/p). What is the greatest common divisor of c and a?
30
Let f = -154 - -217. Let d = f + -21. What is the highest common factor of 6 and d?
6
Suppose a = 3*y - 86, 9*a - 6*a + 15 = 0. What is the greatest common factor of y and 270?
27
Suppose 35 + 22 = 3*i. Let c(r) = -r. Let h be c(-1). Suppose i - h = k. Calculate the highest common divisor of 72 and k.
18
Let b be (6/2 - 3) + 80. Let g = b - 15. What is the greatest common factor of 26 and g?
13
Suppose -q - 6 = 3*y - 5*y, q + 3 = y. Suppose 0 = -n + y*i + 37 - 8, -2*i + 196 = 5*n. Calculate the highest common factor of 304 and n.
38
Let q be 0 + 4 + (17 + -2 - -61). What 